he prime factors of 57377709?
3, 23, 109, 2543
What are the prime factors of 715384798?
2, 357692399
List the prime factors of 221960789.
17, 151, 86467
What are the prime factors of 1975291393?
1975291393
What are the prime factors of 3794426114?
2, 4523, 419459
What are the prime factors of 56694951?
3, 593, 3541
List the prime factors of 632405363.
31, 20400173
What are the prime factors of 691433686?
2, 5849, 59107
What are the prime factors of 285990388?
2, 17, 101, 41641
What are the prime factors of 1252300908?
2, 3, 104358409
List the prime factors of 23251.
23251
List the prime factors of 2126316395.
5, 7, 17, 29, 123229
List the prime factors of 117691293.
3, 39230431
What are the prime factors of 12955096?
2, 7, 11, 21031
List the prime factors of 2563934730.
2, 3, 5, 7, 17, 79, 9091
What are the prime factors of 947253?
3, 315751
List the prime factors of 350336177.
31, 11301167
List the prime factors of 1465395150.
2, 3, 5, 9769301
List the prime factors of 436363682.
2, 23, 9486167
What are the prime factors of 79869486?
2, 3, 13311581
List the prime factors of 2522452295.
5, 11, 439, 104471
What are the prime factors of 47818938?
2, 3, 7969823
What are the prime factors of 16036243?
1511, 10613
What are the prime factors of 112760578?
2, 7, 31, 41, 6337
List the prime factors of 42966573.
3, 13, 59, 71, 263
List the prime factors of 73554673.
89, 191, 4327
List the prime factors of 70301370.
2, 3, 5, 191, 12269
What are the prime factors of 902860300?
2, 5, 53, 170351
List the prime factors of 151945246.
2, 6911, 10993
What are the prime factors of 267986591?
6983, 38377
What are the prime factors of 118212?
2, 3, 9851
What are the prime factors of 306289014?
2, 3, 53, 963173
What are the prime factors of 115685452?
2, 19, 281, 5417
List the prime factors of 44703768.
2, 3, 47, 39631
What are the prime factors of 1170580838?
2, 7, 331, 252607
List the prime factors of 41403500.
2, 5, 17, 4871
What are the prime factors of 216539054?
2, 499, 216973
What are the prime factors of 2055695748?
2, 3, 23, 359, 20747
List the prime factors of 310896301.
9949, 31249
What are the prime factors of 812699377?
7, 116099911
What are the prime factors of 39986853?
3, 29, 459619
List the prime factors of 48154164.
2, 3, 4012847
List the prime factors of 302187789.
3, 43, 263, 2969
What are the prime factors of 2063947929?
3, 5081, 135403
List the prime factors of 211322764.
2, 1901, 27791
What are the prime factors of 14028998?
2, 229, 30631
What are the prime factors of 1281979927?
1281979927
List the prime factors of 74740599.
3, 743, 11177
What are the prime factors of 3864775564?
2, 13, 7879, 9433
What are the prime factors of 63417071?
73, 868727
What are the prime factors of 82907417?
37, 2240741
List the prime factors of 560586908.
2, 7, 2731, 7331
What are the prime factors of 16336294?
2, 13, 628319
List the prime factors of 30907069.
29, 211, 5051
List the prime factors of 53009177.
13, 4077629
What are the prime factors of 5159674500?
2, 3, 5, 619, 5557
List the prime factors of 1152676584.
2, 3, 16009397
What are the prime factors of 160927346?
2, 80463673
What are the prime factors of 430234304?
2, 6722411
What are the prime factors of 407617256?
2, 673, 75709
What are the prime factors of 19309765?
5, 23, 167911
List the prime factors of 5623488917.
5623488917
List the prime factors of 2800169139.
3, 37, 631, 39979
What are the prime factors of 85188543?
3, 11, 53, 919
What are the prime factors of 797104471?
53, 521, 28867
What are the prime factors of 80751189?
3, 26917063
What are the prime factors of 78697494?
2, 3, 113, 1433
List the prime factors of 1623055074.
2, 3, 2441, 110819
List the prime factors of 642678365.
5, 7, 991, 2647
List the prime factors of 6692359.
29, 230771
List the prime factors of 30706938.
2, 3, 21061
List the prime factors of 44058370.
2, 5, 53, 97, 857
List the prime factors of 1009284813.
3, 3989, 9371
What are the prime factors of 2027825018?
2, 4637, 218657
What are the prime factors of 3519050535?
3, 5, 7, 11, 13, 26041
What are the prime factors of 53827347?
3, 7, 2563207
What are the prime factors of 1840404920?
2, 5, 46010123
What are the prime factors of 36846402?
2, 3, 47, 193, 677
List the prime factors of 16142673.
3, 17, 43, 433
What are the prime factors of 47927335?
5, 17, 563851
List the prime factors of 212515318.
2, 106257659
What are the prime factors of 5838612787?
7, 17, 7009139
What are the prime factors of 2281591417?
7, 97, 3360223
What are the prime factors of 71457062?
2, 19, 5209
List the prime factors of 1897601266.
2, 11, 43, 751, 2671
What are the prime factors of 1226951313?
3, 7, 137, 426469
List the prime factors of 4764031039.
41, 116195879
What are the prime factors of 4927492673?
1291, 3816803
What are the prime factors of 39959612?
2, 7, 11, 137, 947
What are the prime factors of 36627152?
2, 2289197
List the prime factors of 234041017.
7, 33434431
What are the prime factors of 7080205625?
5, 1367, 8287
List the prime factors of 363151.
363151
List the prime factors of 1400289787.
13, 769, 140071
List the prime factors of 1367871785.
5, 7, 47, 101, 8233
What are the prime factors of 4504764?
2, 3, 11, 34127
What are the prime factors of 167639906?
2, 7, 11974279
What are the prime factors of 400681988?
2, 7, 23, 622177
List the prime factors of 100583574.
2, 3, 7, 13, 26317
List the prime factors of 210073097.
13, 17, 950557
What are the prime factors of 3368366974?
2, 7, 23, 1999, 5233
List the prime factors of 68498379.
3, 845659
What are the prime factors of 68724502?
2, 7, 11, 446263
List the prime factors of 5012774491.
23, 61, 3572897
What are the prime factors of 295442379?
3, 43, 763417
What are the prime factors of 183281027?
61, 73, 79, 521
What are the prime factors of 301269829?
7, 6151, 6997
What are the prime factors of 1260487145?
5, 252097429
What are the prime factors of 12293273?
47, 73, 3583
List the prime factors of 119998144.
2, 7, 41, 47, 139
What are the prime factors of 71159676?
2, 3, 7, 847139
List the prime factors of 577400217.
3, 47, 4095037
List the prime factors of 648209700.
2, 3, 5, 19, 37907
List the prime factors of 5241328634.
2, 797, 1381, 2381
What are the prime factors of 28888568?
2, 3611071
What are the prime factors of 28851633?
3, 19, 2083
What are the prime factors of 762136920?
2, 3, 5, 347, 6101
List the prime factors of 50024440.
2, 5, 1250611
List the prime factors of 260772427.
260772427
What are the prime factors of 239191371?
3, 647, 41077
What are the prime factors of 63204561?
3, 7, 251, 571
What are the prime factors of 904981536?
2, 3, 17, 83, 131
What are the prime factors of 7843512034?
2, 109, 35979413
What are the prime factors of 89787798?
2, 3, 1662737
List the prime factors of 159815156.
2, 19, 2102831
List the prime factors of 107044797.
3, 35681599
What are the prime factors of 121592862?
2, 3, 6755159
What are the prime factors of 5493975881?
199, 2153, 12823
List the prime factors of 12045185.
5, 41, 58757
List the prime factors of 835730348.
2, 107, 1952641
What are the prime factors of 398261240?
2, 5, 13, 431, 1777
List the prime factors of 123445177.
17, 7261481
List the prime factors of 57240318.
2, 3, 53, 180001
What are the prime factors of 2675463218?
2, 271, 4936279
List the prime factors of 72032187.
3, 24010729
What are the prime factors of 369641139?
3, 7, 3467, 5077
What are the prime factors of 117146290?
2, 5, 11714629
List the prime factors of 778310089.
778310089
List the prime factors of 435134233.
389, 421, 2657
What are the prime factors of 194040807?
3, 167, 387307
What are the prime factors of 103338327?
3, 41, 840149
List the prime factors of 293584737.
3, 1901, 51479
What are the prime factors of 1599256194?
2, 3, 23, 1697, 6829
List the prime factors of 2670222766.
2, 23, 58048321
List the prime factors of 1632520925.
5, 7, 29, 321679
List the prime factors of 953890867.
953890867
List the prime factors of 74677953.
3, 7, 3556093
List the prime factors of 105736602.
2, 3, 37, 79, 6029
What are the prime factors of 4122218045?
5, 11, 61, 1228679
What are the prime factors of 247155679?
523, 472573
What are the prime factors of 57229329?
3, 19076443
What are the prime fact